443. List the prime factors of q.
2, 71
Let p(c) = 40*c**2 + 61*c + 724. What are the prime factors of p(35)?
51859
Suppose 4*a - 4*z + 2*z = -32, -a + 14 = 5*z. Let n be (-146)/30 - a/(-45). Let x(u) = 7*u**2 + 6*u - 11. List the prime factors of x(n).
2, 67
Suppose -5*b - 30 = 0, -3*m + 5*b + 123514 = -61589. What are the prime factors of m?
7, 1259
Let x(d) be the first derivative of -21*d**2/2 + 26*d - 114. List the prime factors of x(-7).
173
List the prime factors of -4 + (-79656)/((-168)/14).
2, 31, 107
Suppose 60*k - 69*k - 4086 = 0. Let t = k - -1208. List the prime factors of t.
2, 13, 29
Suppose -9*o + 10*o - 4 = 0. Let g be 0 - o - (-312 - 2). Suppose -6*k = -k - g. List the prime factors of k.
2, 31
Let f(w) = -w**2 - 172*w + 45. What are the prime factors of f(-58)?
3, 7, 317
List the prime factors of 72104/16 + 6 + 120/(-16).
5, 17, 53
Let s(f) = 7718*f - 2942. List the prime factors of s(3).
2, 31, 163
Suppose 0 = 4*o + 28, -27*u + 4*o - 171768 = -29*u. List the prime factors of u.
2, 29, 1481
Let o be (-70)/2 + -7 + 5. Let r = o - -81. Let i = -18 + r. What are the prime factors of i?
2, 13
Suppose 0 = 5*p - 6*s + 7*s - 16, -3*p = 2*s - 4. What are the prime factors of (3 - (1 - p/4)) + 230?
233
Let l = -216 + 723. Let z = l + -192. What are the prime factors of z?
3, 5, 7
Let f = 81 + -70. Suppose s = -4*h - 16, -h + 4*s + 2 = -f. Let o = h + 20. List the prime factors of o.
17
Let d = 19 + -15. What are the prime factors of (2/(-5) + d + -2)*115?
2, 23
Let v be 1*5/(-25)*3*55. Let d = 706 + v. List the prime factors of d.
673
Suppose -3*r - 4*p + 13991 = 0, -5*p = -7*p + 4. What are the prime factors of r?
59, 79
Let p(y) = -y**3 - 8*y**2 + 8*y - 21. Let x = -335 + 323. List the prime factors of p(x).
3, 17
Let q(z) = -520*z - 1002. List the prime factors of q(-6).
2, 3, 353
Let z(y) = y**3 - 9*y**2 - 176*y + 86. List the prime factors of z(31).
2, 3943
Suppose -292788 + 909228 = 120*p. List the prime factors of p.
11, 467
Suppose 13*f - 137607 = 850120. What are the prime factors of f?
75979
Let b(c) = -6*c**3 + 9*c**2 + 281*c - 30. What are the prime factors of b(-15)?
2, 3, 5, 601
Suppose 0 = 24*h + 28*h + 412901 - 1631677. List the prime factors of h.
2, 11719
Let f = -5199 - -1836. Let r = -1312 - f. What are the prime factors of r?
7, 293
List the prime factors of 1074*((-276)/(-24) + 0).
3, 23, 179
Suppose -51 + 234 = s - 3*l, 2*s = -2*l + 390. Suppose s = 2*c - 142. List the prime factors of c.
167
Suppose -21*g = -22*g - 108. Let t be g + (4 + 4)/4. Let z = 206 + t. List the prime factors of z.
2, 5
Let v = -2914 + 12052. What are the prime factors of v?
2, 3, 1523
Let n(v) = 480*v - 640. What are the prime factors of n(32)?
2, 5, 23
Let u = -56444 - -89574. List the prime factors of u.
2, 5, 3313
Let f(k) = -k**3 - 3*k**2 + 7*k - 3. Let i be f(-5). Suppose i*y - 4*y - 6776 = 0. List the prime factors of y.
7, 11
Let a(i) = -i**2 + 18*i - 6. Let j be a(7). Let o be 16*(4 - -4) - -7. Let q = o - j. List the prime factors of q.
2
Let w(m) = -2*m**3 - 11. Let b(i) = -i**3 + 17*i**2 + 18*i - 4. Let k be -3 + 128/6 + (-1)/3. Let u be b(k). What are the prime factors of w(u)?
3, 13
Let x be (-3 + (-30)/(-6))*10/4. Suppose x*j - 6*j = 98. What are the prime factors of -3 + (0 - -1 - j)?
2, 3
Suppose 5*q - 4*a = 13, -6*q + 5*q = -a - 2. Suppose 3*j - 9*n + q*n = 38, -n = -4. What are the prime factors of j?
2, 3
Let y = 8280 - 1941. What are the prime factors of y?
3, 2113
Suppose 0 = -4*f + 3*c - 4, -12 = f + f - 4*c. Suppose 4*s + a - 2194 = 2321, -s - f*a = -1120. List the prime factors of s.
2, 5, 113
Let s(w) = -4*w**2 - 5*w + 15 + 14*w + w**3 + 11*w**2. Let c be s(-6). What are the prime factors of (-28)/(-42) + (-7)/c?
3
Let u = 27 - -6. Let n = -6 - 3. Let h = n + u. What are the prime factors of h?
2, 3
Let h = 61 - 54. List the prime factors of -3 + 130 + (3 - h).
3, 41
Let s = 337 + -324. Suppose -s*k = 8*k - 8778. List the prime factors of k.
2, 11, 19
Let p(b) = -b**3 + 52*b**2 + 22*b - 56. Let j be p(52). Suppose w + 32*l - 35*l - 1093 = 0, 0 = -w + 2*l + j. List the prime factors of w.
2, 7, 11
Suppose 139*j = 145*j - 36. What are the prime factors of 224460/288 + j/(-16)?
19, 41
Let g = -4870 + 7258. Let f = g - 1324. List the prime factors of f.
2, 7, 19
Let q = 19404 + -11156. List the prime factors of q.
2, 1031
Let t(r) = r**2 - 19*r + 135. Let w be t(28). Let q = w - 107. What are the prime factors of q?
2, 5, 7
Let c be 10/4 - (-3)/(-6). Suppose -2*k - 3*m + c = -3*k, 6 = 3*m. Suppose -k*x - 2 = -234. What are the prime factors of x?
2, 29
Let z(j) = -j**3 - 5*j**2 + 7*j - 6. Let y be z(-4). Let v = 52 + y. Suppose v*p + 8*p = 1850. What are the prime factors of p?
5, 37
Suppose 7 - 16135 = -18*o. Let y = -618 + o. List the prime factors of y.
2, 139
What are the prime factors of 51/(-119) + (-10698)/(-21)?
509
Let q(r) be the first derivative of -r**4/4 - 4*r**3/3 + r**2 + 17*r - 245. What are the prime factors of q(-5)?
2
Suppose 7*x = 11*x + 5*d - 16, 0 = -4*d. Suppose 0 = -5*v - s + 4*s + 2146, -x*s = 2*v - 848. What are the prime factors of v?
2, 107
Let x = 45833 - 16282. What are the prime factors of x?
29, 1019
Let k = -8820 - -10488. What are the prime factors of k?
2, 3, 139
Let i(q) = -90 + 184 - 8*q - 92. Let c be i(-11). Let v = c - -18. List the prime factors of v.
2, 3
Let n = 25512 + 92. What are the prime factors of n?
2, 37, 173
Let w(h) = 70*h + 562. Let o be w(-8). Suppose -u + 170 + 174 = 0. Suppose u = 3*m + 4*a + a, o*m = -3*a + 228. What are the prime factors of m?
2, 3
Let k(r) be the second derivative of 7*r**5/120 - 3*r**4/8 - 13*r**3/6 - 6*r. Let u(v) be the second derivative of k(v). List the prime factors of u(6).
3, 11
Suppose 5*c = -4*b, 4*c = 3*c + 5*b. Suppose u + 3*u + 120 = c. List the prime factors of (6 + -4 - u) + -2.
2, 3, 5
Let n(h) = -h**2 + 19*h + 23. Let u be n(20). Let s be -4 + (6 - u) + 279. What are the prime factors of ((-4)/4 - 0)/((-2)/s)?
139
Let a(n) = 12*n - 148. Let v be a(14). What are the prime factors of (v/40)/(1/1734)?
3, 17
Let t(h) = 806*h**3 + h**2 + 4*h - 2. Let q(f) = f**3 - 6*f**2 + 10*f - 24. Let w be q(5). What are the prime factors of t(w)?
809
Let t(w) = -107*w + 193. Let u be t(-12). Suppose -5*p + u = -1128. What are the prime factors of p?
521
Let r(f) = f**2 + 12*f + 1. Let t be r(15). Let h = t - 204. What are the prime factors of h?
2, 101
Let b(o) = o**3 - 16*o**2 + 18*o + 3. Let r be b(15). Suppose -l = 46 - r. What are the prime factors of 1/1 + 512/l?
257
Suppose -5*j - g = -2*j - 3, 0 = -3*j + 4*g - 12. What are the prime factors of (254 - 4)/5*(j - -8)?
2, 5
Let i(l) = 1592*l + 917. What are the prime factors of i(4)?
5, 31, 47
Suppose 0 = 3*j + 19*t - 21*t - 10005, 0 = -2*j + 5*t + 6659. What are the prime factors of j?
47, 71
Let p(j) = 1806*j - 57. What are the prime factors of p(3)?
3, 1787
Let p be (1 + (-305)/(-4))/(60/1120). Suppose -2*t - 320 = -p. List the prime factors of t.
3, 11, 17
Let y(w) = 221*w - 157. Let d be y(17). Suppose -5*k = -13*k + d. What are the prime factors of k?
2, 3, 5
Let t = -2 + 4. Suppose -5*x = 3*c - 2351, 299*c + 2*x + 3939 = 304*c. Suppose -7*m + 986 = -t*m + 3*w, 3*w = -4*m + c. What are the prime factors of m?
199
Let v be (4 - (-56)/(-16))*8*1. Suppose v*a - 1452 = -3*x, a - 491 = -x + 2*a. What are the prime factors of x?
2, 61
Let f(t) = -145*t - 865. Let v be f(-6). Let l be 39/9 - (-1)/(-3). Suppose 3*a + 0*p = -l*p + 218, -v*a = p - 352. What are the prime factors of a?
2, 5, 7
Let f(h) = h**3 + 50*h**2 - 493*h + 145. List the prime factors of f(-55).
3, 5, 809
Let k = -595 - -1062. Suppose k = -g - a + 1373, 0 = -4*a - 12. List the prime factors of g.
3, 101
What are the prime factors of 59364/7 - 11/(-22)*24/28?
3, 11, 257
Suppose -90*q = -94*q + 100552. List the prime factors of q.
2, 12569
Suppose 41 = 5*b + 3*a, 5*b - 2*a = 2*b + 36. List the prime factors of b*2/12 + 36988/21.
41, 43
Let n(g) = 10*g + 19. Let x be n(9). Let a be (-1)/(-1 - x/(-110)). List the prime factors of (-3)/(-9) - a/(-3).
37
Let i = 90 + -84. Suppose 5 = -i*v + 1715. Suppose 4*r - z - 91 = 190, -4*r + v = -5*z. List the prime factors of r.
2, 5, 7
Let a be 2/4 + 483/(-46). List the prime fact